{"id":784,"date":"2024-05-08T12:27:07","date_gmt":"2024-05-08T10:27:07","guid":{"rendered":"https:\/\/www.sa-urg.eu\/?page_id=784"},"modified":"2024-05-09T16:00:35","modified_gmt":"2024-05-09T14:00:35","slug":"socios-y-territorios","status":"publish","type":"page","link":"https:\/\/www.sa-urg.eu\/es\/socios-y-territorios\/","title":{"rendered":"Socios y Territorio"},"content":{"rendered":"\n<div class=\"wp-block-cover alignfull has-parallax\" style=\"min-height:550px;aspect-ratio:unset;\"><span aria-hidden=\"true\" class=\"wp-block-cover__background has-primary-background-color has-background-dim\"><\/span><div class=\"wp-block-cover__image-background wp-image-618 has-parallax\" style=\"background-position:50% 50%;background-image:url(http:\/\/www.sa-urg.eu\/wp-content\/uploads\/2024\/05\/SA-URG_01.jpg)\"><\/div><div class=\"wp-block-cover__inner-container is-layout-flow wp-block-cover-is-layout-flow\">\n<p class=\"has-text-align-center has-white-color has-text-color has-link-color wp-elements-404c68d30ed9ed81755a6337173cee64\" style=\"font-size:clamp(37.821px, 2.364rem + ((1vw - 3.2px) * 3.352), 70px);font-style:normal;font-weight:900\"><a href=\"https:\/\/www.sa-urg.eu\/\" data-type=\"link\" data-id=\"https:\/\/www.sa-urg.eu\/\">SA-URG<\/a><\/p>\n\n\n\n<p class=\"has-text-align-center has-white-color has-text-color has-medium-font-size\" style=\"letter-spacing:1px\"><\/p>\n\n\n\n<div class=\"wp-block-buttons is-content-justification-center is-layout-flex wp-container-core-buttons-is-layout-a89b3969 wp-block-buttons-is-layout-flex\"><\/div>\n<\/div><\/div>\n\n\n\n<div style=\"height:100px\" aria-hidden=\"true\" class=\"wp-block-spacer\"><\/div>\n\n\n\n<p class=\"has-secondary-color has-text-color has-link-color has-large-font-size wp-elements-e8b1e5f950807551300867d3b09dc809\"><strong>Socios y Territorios<\/strong><\/p>\n\n\n\n<p class=\"has-text-align-left\">Los territorios de la cadena pirenaica<strong> comparten unas caracter\u00edsticas geogr\u00e1ficas que dificultan la comunicaci\u00f3n terrestre,<\/strong> lo que resulta en una accesibilidad reducida a los servicios sanitarios para las poblaciones. Adem\u00e1s, factores como la pr\u00e1ctica deportiva en la zona monta\u00f1osa, el clima y las aglomeraciones tur\u00edsticas aumentan los riesgos.<\/p>\n\n\n\n<p class=\"has-text-align-left\">Asimismo, <strong>la colaboraci\u00f3n entre los territorios <\/strong>fronterizos es crucial para garantizar una respuesta eficaz ante cat\u00e1strofes y emergencias en el territorio transfronterizo.<\/p>\n\n\n\n<div style=\"height:79px\" aria-hidden=\"true\" class=\"wp-block-spacer\"><\/div>\n\n\n\n<figure class=\"wp-block-image aligncenter size-full is-resized\"><img loading=\"lazy\" decoding=\"async\" width=\"1000\" height=\"575\" src=\"http:\/\/www.sa-urg.eu\/wp-content\/uploads\/2024\/05\/mapa_para-web_SAURG-01-01.png\" alt=\"\" class=\"wp-image-782\" style=\"width:1137px;height:auto\" srcset=\"https:\/\/www.sa-urg.eu\/wp-content\/uploads\/2024\/05\/mapa_para-web_SAURG-01-01.png 1000w, https:\/\/www.sa-urg.eu\/wp-content\/uploads\/2024\/05\/mapa_para-web_SAURG-01-01-300x173.png 300w, https:\/\/www.sa-urg.eu\/wp-content\/uploads\/2024\/05\/mapa_para-web_SAURG-01-01-18x10.png 18w\" sizes=\"auto, (max-width: 1000px) 100vw, 1000px\" \/><\/figure>\n\n\n\n<div style=\"height:56px\" aria-hidden=\"true\" class=\"wp-block-spacer\"><\/div>\n\n\n\n<p class=\"has-secondary-color has-text-color has-link-color has-large-font-size wp-elements-eaf33ce71d64ffd2fe865d6e2abfa08b\"><strong>Territorios participantes<\/strong><\/p>\n\n\n\n<ul class=\"wp-block-list\">\n<li><strong>CHU Toulouse<\/strong><\/li>\n\n\n\n<li><strong>Navarrabiomed<\/strong><\/li>\n\n\n\n<li><strong>SEM<\/strong><\/li>\n\n\n\n<li><strong>Centre Hospitalier de la C\u00f4te Basque<\/strong><\/li>\n\n\n\n<li><strong>Servicio Aragon\u00e9s de Salud<\/strong><\/li>\n<\/ul>\n\n\n\n<p class=\"has-secondary-color has-text-color has-link-color has-large-font-size wp-elements-08b25e1aca59720ffbebf3c2495a2e82\"><strong>Socios Asociados<\/strong><\/p>\n\n\n\n<ul class=\"wp-block-list\">\n<li><strong>Osakidetza (Departamento de salud de Euskadi)<\/strong><\/li>\n\n\n\n<li><strong>Servei Andorra<\/strong> d\u2019atenci\u00f3 Sanit\u00e0ria (Servei d&#8217;Urgencies i Servei Urgent M\u00e8dic (SUM))<\/li>\n\n\n\n<li>CENTRE HOSPITALIER DES VALLEES D&#8217;ARIEGE (SMUR SAMU &#8211; CESU)<\/li>\n\n\n\n<li>CENTRE HOSPITALIER COMMINGES PYRENEES (Service des Urgences)<\/li>\n\n\n\n<li>Centre Hospitalier de Pau (SAMU)<\/li>\n\n\n\n<li>Centre Hospitalier Tarbes-Lourdes (SAMU SMUR)<\/li>\n\n\n\n<li>Servici Aran\u00e9s de Ben\u00e8ster e Salut (Emergencias)<\/li>\n\n\n\n<li>Centre Hospitalier de Perpignan (SAMU 66)<\/li>\n\n\n\n<li>GROUPEMENT EUROP\u00c9EN DE COOP\u00c9RATION TERRITORIALE H\u00d4PITAL DE CERDAGNE<\/li>\n<\/ul>\n\n\n\n<p><strong>(Service des urgences)<\/strong><\/p>\n\n\n\n<ul class=\"wp-block-list\">\n<li>CLUB DE MONTA\u00d1A \u00ab PE\u00d1A GUARA \u00bb DE HUESCA (SALUD)<\/li>\n\n\n\n<li>Gobierno de Arag\u00f3n (DEPARTAMENTO DE PRESIDENCIA Y RELACIONES INSTITUCIONALES &#8211; DIRECCION GENERAL DE SEGURIDAD Y PROTECCION CIVIL)<\/li>\n<\/ul>\n\n\n\n<div style=\"height:101px\" aria-hidden=\"true\" class=\"wp-block-spacer\"><\/div>\n\n\n\n<figure class=\"wp-block-image size-large\"><img loading=\"lazy\" decoding=\"async\" width=\"1024\" height=\"289\" src=\"http:\/\/www.sa-urg.eu\/wp-content\/uploads\/2024\/04\/Logos_web-4-1024x289.jpg\" alt=\"\" class=\"wp-image-490\" srcset=\"https:\/\/www.sa-urg.eu\/wp-content\/uploads\/2024\/04\/Logos_web-4-1024x289.jpg 1024w, https:\/\/www.sa-urg.eu\/wp-content\/uploads\/2024\/04\/Logos_web-4-300x85.jpg 300w, https:\/\/www.sa-urg.eu\/wp-content\/uploads\/2024\/04\/Logos_web-4-768x217.jpg 768w, https:\/\/www.sa-urg.eu\/wp-content\/uploads\/2024\/04\/Logos_web-4-18x5.jpg 18w, https:\/\/www.sa-urg.eu\/wp-content\/uploads\/2024\/04\/Logos_web-4.jpg 1200w\" sizes=\"auto, (max-width: 1024px) 100vw, 1024px\" \/><\/figure>\n","protected":false},"excerpt":{"rendered":"<p>Socios y Territorios Los territorios de la cadena pirenaica comparten unas caracter\u00edsticas geogr\u00e1ficas que dificultan la comunicaci\u00f3n terrestre, lo que resulta en una accesibilidad reducida a los servicios sanitarios para las poblaciones. Adem\u00e1s, factores como la pr\u00e1ctica deportiva en la zona monta\u00f1osa, el clima y las aglomeraciones tur\u00edsticas aumentan los riesgos. Asimismo, la colaboraci\u00f3n entre &hellip; <\/p>\n<p class=\"link-more\"><a href=\"https:\/\/www.sa-urg.eu\/es\/socios-y-territorios\/\" class=\"more-link\">Leer m\u00e1s<span class=\"screen-reader-text\"> \u00abSocios y Territorio\u00bb<\/span><\/a><\/p>\n","protected":false},"author":1,"featured_media":0,"parent":0,"menu_order":0,"comment_status":"closed","ping_status":"closed","template":"","meta":{"_themeisle_gutenberg_block_has_review":false,"footnotes":""},"class_list":["post-784","page","type-page","status-publish","hentry"],"_links":{"self":[{"href":"https:\/\/www.sa-urg.eu\/es\/wp-json\/wp\/v2\/pages\/784","targetHints":{"allow":["GET"]}}],"collection":[{"href":"https:\/\/www.sa-urg.eu\/es\/wp-json\/wp\/v2\/pages"}],"about":[{"href":"https:\/\/www.sa-urg.eu\/es\/wp-json\/wp\/v2\/types\/page"}],"author":[{"embeddable":true,"href":"https:\/\/www.sa-urg.eu\/es\/wp-json\/wp\/v2\/users\/1"}],"replies":[{"embeddable":true,"href":"https:\/\/www.sa-urg.eu\/es\/wp-json\/wp\/v2\/comments?post=784"}],"version-history":[{"count":14,"href":"https:\/\/www.sa-urg.eu\/es\/wp-json\/wp\/v2\/pages\/784\/revisions"}],"predecessor-version":[{"id":855,"href":"https:\/\/www.sa-urg.eu\/es\/wp-json\/wp\/v2\/pages\/784\/revisions\/855"}],"wp:attachment":[{"href":"https:\/\/www.sa-urg.eu\/es\/wp-json\/wp\/v2\/media?parent=784"}],"curies":[{"name":"wp","href":"https:\/\/api.w.org\/{rel}","templated":true}]}}

<div class="wp-block-cover alignfull has-parallax" style="min-height:550px;aspect-ratio:unset;"><span aria-hidden="true" class="wp-block-cover__background has-primary-background-color has-background-dim"></span><div class="wp-block-cover__image-background wp-image-618 has-parallax" style="background-position:50% 50%;background-image:url(http://www.sa-urg.eu/wp-content/uploads/2024/05/SA-URG_01.jpg)"></div><div class="wp-block-cover__inner-container is-layout-flow wp-block-cover-is-layout-flow">
<p class="has-text-align-center has-white-color has-text-color has-link-color wp-elements-404c68d30ed9ed81755a6337173cee64" style="font-size:clamp(37.821px, 2.364rem + ((1vw - 3.2px) * 3.352), 70px);font-style:normal;font-weight:900"><a href="https://www.sa-urg.eu/" data-type="link" data-id="https://www.sa-urg.eu/">SA-URG</a></p>



<p class="has-text-align-center has-white-color has-text-color has-medium-font-size" style="letter-spacing:1px"></p>



<div class="wp-block-buttons is-content-justification-center is-layout-flex wp-container-core-buttons-is-layout-a89b3969 wp-block-buttons-is-layout-flex"></div>
</div></div>



<div style="height:100px" aria-hidden="true" class="wp-block-spacer"></div>



<p class="has-secondary-color has-text-color has-link-color has-large-font-size wp-elements-e8b1e5f950807551300867d3b09dc809"><strong>Socios y Territorios</strong></p>



<p class="has-text-align-left">Los territorios de la cadena pirenaica<strong> comparten unas características geográficas que dificultan la comunicación terrestre,</strong> lo que resulta en una accesibilidad reducida a los servicios sanitarios para las poblaciones. Además, factores como la práctica deportiva en la zona montañosa, el clima y las aglomeraciones turísticas aumentan los riesgos.</p>



<p class="has-text-align-left">Asimismo, <strong>la colaboración entre los territorios </strong>fronterizos es crucial para garantizar una respuesta eficaz ante catástrofes y emergencias en el territorio transfronterizo.</p>



<div style="height:79px" aria-hidden="true" class="wp-block-spacer"></div>



<figure class="wp-block-image aligncenter size-full is-resized"><img loading="lazy" decoding="async" width="1000" height="575" src="http://www.sa-urg.eu/wp-content/uploads/2024/05/mapa_para-web_SAURG-01-01.png" alt="" class="wp-image-782" style="width:1137px;height:auto" srcset="https://www.sa-urg.eu/wp-content/uploads/2024/05/mapa_para-web_SAURG-01-01.png 1000w, https://www.sa-urg.eu/wp-content/uploads/2024/05/mapa_para-web_SAURG-01-01-300x173.png 300w, https://www.sa-urg.eu/wp-content/uploads/2024/05/mapa_para-web_SAURG-01-01-18x10.png 18w" sizes="auto, (max-width: 1000px) 100vw, 1000px" /></figure>



<div style="height:56px" aria-hidden="true" class="wp-block-spacer"></div>



<p class="has-secondary-color has-text-color has-link-color has-large-font-size wp-elements-eaf33ce71d64ffd2fe865d6e2abfa08b"><strong>Territorios participantes</strong></p>



<ul class="wp-block-list">
<li><strong>CHU Toulouse</strong></li>



<li><strong>Navarrabiomed</strong></li>



<li><strong>SEM</strong></li>



<li><strong>Centre Hospitalier de la Côte Basque</strong></li>



<li><strong>Servicio Aragonés de Salud</strong></li>
</ul>



<p class="has-secondary-color has-text-color has-link-color has-large-font-size wp-elements-08b25e1aca59720ffbebf3c2495a2e82"><strong>Socios Asociados</strong></p>



<ul class="wp-block-list">
<li><strong>Osakidetza (Departamento de salud de Euskadi)</strong></li>



<li><strong>Servei Andorra</strong> d’atenció Sanitària (Servei d&#8217;Urgencies i Servei Urgent Mèdic (SUM))</li>



<li>CENTRE HOSPITALIER DES VALLEES D&#8217;ARIEGE (SMUR SAMU &#8211; CESU)</li>



<li>CENTRE HOSPITALIER COMMINGES PYRENEES (Service des Urgences)</li>



<li>Centre Hospitalier de Pau (SAMU)</li>



<li>Centre Hospitalier Tarbes-Lourdes (SAMU SMUR)</li>



<li>Servici Aranés de Benèster e Salut (Emergencias)</li>



<li>Centre Hospitalier de Perpignan (SAMU 66)</li>



<li>GROUPEMENT EUROPÉEN DE COOPÉRATION TERRITORIALE HÔPITAL DE CERDAGNE</li>
</ul>



<p><strong>(Service des urgences)</strong></p>



<ul class="wp-block-list">
<li>CLUB DE MONTAÑA « PEÑA GUARA » DE HUESCA (SALUD)</li>



<li>Gobierno de Aragón (DEPARTAMENTO DE PRESIDENCIA Y RELACIONES INSTITUCIONALES &#8211; DIRECCION GENERAL DE SEGURIDAD Y PROTECCION CIVIL)</li>
</ul>



<div style="height:101px" aria-hidden="true" class="wp-block-spacer"></div>



<figure class="wp-block-image size-large"><img loading="lazy" decoding="async" width="1024" height="289" src="http://www.sa-urg.eu/wp-content/uploads/2024/04/Logos_web-4-1024x289.jpg" alt="" class="wp-image-490" srcset="https://www.sa-urg.eu/wp-content/uploads/2024/04/Logos_web-4-1024x289.jpg 1024w, https://www.sa-urg.eu/wp-content/uploads/2024/04/Logos_web-4-300x85.jpg 300w, https://www.sa-urg.eu/wp-content/uploads/2024/04/Logos_web-4-768x217.jpg 768w, https://www.sa-urg.eu/wp-content/uploads/2024/04/Logos_web-4-18x5.jpg 18w, https://www.sa-urg.eu/wp-content/uploads/2024/04/Logos_web-4.jpg 1200w" sizes="auto, (max-width: 1024px) 100vw, 1024px" /></figure>

<p>Socios y Territorios Los territorios de la cadena pirenaica comparten unas características geográficas que dificultan la comunicación terrestre, lo que resulta en una accesibilidad reducida a los servicios sanitarios para las poblaciones. Además, factores como la práctica deportiva en la zona montañosa, el clima y las aglomeraciones turísticas aumentan los riesgos. Asimismo, la colaboración entre &hellip; </p>
<p class="link-more"><a href="https://www.sa-urg.eu/es/socios-y-territorios/" class="more-link">Leer más<span class="screen-reader-text"> «Socios y Territorio»</span></a></p>
